Does 17 divide 464167745?
True
Is 1376 a factor of 35218720?
True
Does 8 divide 1242179904?
True
Does 41 divide 253994851?
False
Is 759713223 a multiple of 1320?
False
Does 8 divide 446033540?
False
Is 100723103 a multiple of 23?
False
Is 114928000 a multiple of 100?
True
Is 69959560 a multiple of 2728?
True
Is 171 a factor of 140270445?
True
Is 953 a factor of 62782146?
False
Is 80147916 a multiple of 1704?
False
Is 809 a factor of 63033380?
False
Does 720 divide 1254551185?
False
Is 631 a factor of 1066496639?
True
Is 659922133 a multiple of 221?
True
Does 123 divide 36584918?
False
Does 2106 divide 1503856692?
True
Is 180 a factor of 62462340?
True
Does 2942 divide 3902574768?
True
Is 535923363 a multiple of 381?
True
Is 43458404 a multiple of 1889?
False
Does 119 divide 2029563?
False
Is 32908902 a multiple of 354?
True
Is 31327776 a multiple of 1616?
True
Is 6 a factor of 33751746?
True
Is 32353332 a multiple of 132?
True
Is 3526 a factor of 572453152?
True
Is 1087157 a multiple of 2?
False
Is 9 a factor of 74286162?
True
Is 425410646 a multiple of 2074?
False
Is 166 a factor of 1093279154?
True
Is 244 a factor of 961824332?
True
Is 96431922 a multiple of 153?
True
Is 52218250 a multiple of 5?
True
Does 11147 divide 3294217831?
False
Does 57 divide 22200438?
False
Does 346 divide 16912508?
False
Is 34469245 a multiple of 6?
False
Does 37 divide 783174523?
True
Is 4 a factor of 1365556?
True
Is 952 a factor of 39384095?
False
Does 218 divide 39267712?
False
Does 2340 divide 1369653480?
True
Does 1052 divide 28295644?
True
Is 3978895 a multiple of 2?
False
Is 34 a factor of 350095110?
True
Is 13 a factor of 33465379?
False
Does 2218 divide 444939672?
True
Is 18266545 a multiple of 292?
False
Is 121216854 a multiple of 282?
True
Is 259876818 a multiple of 141?
True
Is 22895190 a multiple of 570?
True
Does 801 divide 495356022?
True
Is 48576879 a multiple of 117?
True
Does 7 divide 42678253?
False
Does 3566 divide 354133396?
False
Is 41953863 a multiple of 25?
False
Is 169247365 a multiple of 35?
True
Is 25 a factor of 3917618?
False
Is 119 a factor of 176827236?
False
Does 35 divide 65368911?
False
Is 81165480 a multiple of 30?
True
Does 298 divide 40224170?
False
Is 34870747 a multiple of 137?
True
Is 2499184959 a multiple of 60?
False
Is 48 a factor of 3354384?
True
Is 13895465 even?
False
Does 5202 divide 199683972?
True
Is 13729470 a multiple of 2202?
True
Does 35 divide 5059460?
True
Does 200 divide 180866553?
False
Is 100119411 a multiple of 7?
True
Does 948 divide 257429995?
False
Does 33 divide 346030820?
False
Does 83 divide 76415693?
True
Is 792525541 a multiple of 6799?
False
Is 3 a factor of 614264652?
True
Is 4149899 a multiple of 1537?
False
Is 543 a factor of 467223688?
False
Does 3 divide 4867032?
True
Is 456 a factor of 732237504?
True
Is 3 a factor of 11520255?
True
Is 4157971 a multiple of 83?
False
Does 13 divide 1378205805?
False
Does 7 divide 1044319?
False
Is 462 a factor of 1722076241?
False
Is 165967326 a multiple of 1198?
True
Is 60787857 a multiple of 2059?
True
Is 750 a factor of 819182268?
False
Is 1018302074 a multiple of 646?
True
Is 9638772 a multiple of 44?
True
Is 14666136 a multiple of 898?
True
Is 1507 a factor of 276750999?
False
Is 7479756 a multiple of 338?
False
Does 17 divide 1592406?
False
Is 914 a factor of 933463630?
True
Does 2794 divide 118982490?
True
Does 3518 divide 54986340?
True
Does 681 divide 57829212?
False
Is 153568820 a multiple of 5780?
True
Is 117730862 a multiple of 175?
False
Is 153128026 a multiple of 482?
True
Is 1049 a factor of 207748156?
True
Is 6 a factor of 1046436?
True
Does 10 divide 35678280?
True
Is 19 a factor of 5507872?
True
Is 91 a factor of 283601045?
True
Is 29878755 a multiple of 415?
True
Is 809508 a multiple of 6?
True
Does 70 divide 3397100?
True
Is 164 a factor of 15119246?
False
Is 64646942 a multiple of 475?
False
Is 54 a factor of 2284418001?
False
Is 1790308883 a multiple of 93?
False
Does 12 divide 7588968999?
False
Is 81568126 a multiple of 1046?
True
Is 17344692 a multiple of 459?
True
Is 91371182 a multiple of 13?
False
Does 51 divide 54225700?
False
Does 8 divide 4750618?
False
Is 7 a factor of 16047052?
True
Is 29955993 a multiple of 43?
True
Does 42 divide 79988034?
True
Is 6 a factor of 12813267?
False
Is 59485385 a multiple of 2081?
True
Is 1407359980 a multiple of 13?
True
Does 3166 divide 52513704?
False
Is 29 a factor of 5483494?
True
Does 1413 divide 252678312?
True
Is 706963465 a multiple of 13?
True
Is 1323466092 a multiple of 117?
True
Is 473 a factor of 24198680?
True
Is 20499255 a multiple of 315?
True
Is 6 a factor of 28729758?
True
Is 36 a factor of 8792472?
False
Does 8 divide 35967528?
True
Is 7 a factor of 818714250?
False
Is 67 a factor of 1468973124?
True
Is 6968054 a multiple of 107?
True
Is 30 a factor of 24136?
False
Does 623 divide 1471329344?
False
Is 10 a factor of 25968794?
False
Is 635329803 a multiple of 25?
False
Is 14207818 a multiple of 293?
False
Is 1197975712 a multiple of 4091?
True
Is 2192 a factor of 6449935888?
True
Does 3112 divide 116861824?
True
Does 3047 divide 467239472?
False
Does 23 divide 49636370?
False
Is 3378945 a multiple of 15?
True
Does 4736 divide 82187061?
False
Is 8 a factor of 212011064?
True
Does 23 divide 227438053?
True
Is 192755360 a multiple of 4130?
True
Is 58 a factor of 1317085866?
True
Is 19 a factor of 33351216?
False
Is 20116265 a multiple of 204?
False
Is 33 a factor of 4768369?
False
Does 13 divide 313346579?
True
Does 15 divide 19712895?
True
Is 24669645 a multiple of 23?
False
Does 641 divide 1378025005?
True
Is 1023468 a multiple of 73?
False
Does 825 divide 1541566125?
True
Is 73 a factor of 126462280?
True
Is 6 a factor of 785333440?
False
Is 125330910 a multiple of 69?
True
Is 280140251 a multiple of 27?
False
Is 767449904 a multiple of 17?
True
Is 1204 a factor of 40417002?
False
Does 370 divide 467405553?
False
Does 3 divide 69466634?
False
Does 40 divide 3751257?
False
Is 887 a factor of 38444354?
True
Is 286572757 a multiple of 4961?
False
Is 103831836 a multiple of 1737?
False
Does 14 divide 106317772?
False
Is 107656012 a multiple of 10?
False
Does 52 divide 127257988?
True
Is 22493233 a multiple of 97?
True
Is 800274644 a multiple of 52?
True
Does 9 divide 4754523?
False
Is 42 a factor of 652787075?
False
Is 17 a factor of 415100528?
False
Is 326836278 a multiple of 6?
True
Is 48 a factor of 10604332?
False
Is 5197328 a multiple of 5?
False
Is 39 a factor of 1373014812?
True
Is 1497 a factor of 22746704?
False
Does 11 divide 4616119390?
False
Is 380 a factor of 54862692?
False
Is 7249593 a multiple of 5293?
False
Is 342153279 a multiple of 13?
True
Is 372702087 a multiple of 421?
False
Is 137439112 a multiple of 4?
True
Does 518 divide 672724010?
True
Is 16401784 a multiple of 56?
True
Is 649 a factor of 933473147?
False
Does 25 divide 9340748?
False
Is 13 a factor of 31356428?
False
Does 7 divide 194688013?
False
Is 2433557 a multiple of 129?
False
Is 67977326 a multiple of 235?
False
Does 3 divide 2295895?
False
Is 18251308 a multiple of 157?
False
Is 1607836080 a multiple of 16?
True
Is 9 a factor of 796891807?
False
Does 1761 divide 2588637780?
False
Does 1308 divide 61553710?
False
Is 39 a factor of 89860584?
False
Is 6 a factor of 196187711?
False
Is 1556434514 a multiple of 3169?
False
Does 221 divide 36519366?
True
Is 17668780 a multiple of 628?
True
Is 113933827 a multiple of 15?
False
Does 24 divide 5172696?
True
Is 104 a factor of 100068650?
False
Does 200 divide 30896526?
False
Does 401 divide 926047345?
True
Is 7 a factor of 15530732?
True
Does 2225 divide 225702912?
False
Is 512079344 a multiple of 4?
True
Is 1620 a factor of 818829000?
True
Is 2882 a factor of 1726212106?
False
Does 18 divide 207504504?
True
Does 7 divide 113477613?
False
Is 1716594176 a multiple of 128?
True
Does 1301 divide 5546163?
True
Is 3629926 a multiple of 206?
True
Does 5 divide 769409349?
False
Is 39358809 a multiple of 2879?
True
Is 225 a factor of 664656975?
True
Is 197 a factor of 1744419?
False
Is 151840260 a multiple of 78?
True
Is 5 a factor of 877898905?
True
Is 4 a factor of 3154604?
True
Is 48 a factor of 26061783?
False
Does 12 divide 1151004?
True
Does 9155 divide 